 the units digit of n?
0
Suppose -18*f - 15*f = -12573. What is the hundreds digit of f?
3
Let j(r) = 68*r + 20. What is the hundreds digit of j(10)?
7
Let p(u) = 17*u**2 - 4*u**3 - 9*u + 21 - 14*u + 5*u**3 + 21*u. What is the tens digit of p(-17)?
5
Suppose 5*t - 3643 = 3*v, -t - 2*v + 4*v + 723 = 0. What is the tens digit of t?
3
Suppose -5*z - 31 = -2*p + 1, -4*p + 16 = -2*z. What is the hundreds digit of 15/10*(111 - z/2)?
1
Suppose 4046 = 5*a - k, -16*a + 11*a = -3*k - 4048. What is the hundreds digit of a?
8
Let y(f) = 20*f**2 + 46*f + 47. What is the units digit of y(-1)?
1
Suppose 2*q - 13 - 19 = 0. What is the tens digit of 6165/72 - (-6)/q?
8
Let n = 480 - 17. What is the hundreds digit of n?
4
Let y be 2 + -2585 + (-2 - -4). Let z = y - -4197. What is the units digit of z/30 - 4/(-30)?
4
Let k be ((-7)/2 - 1)*6/(-3). Suppose 98 = k*p + 5*p. What is the units digit of p?
7
Suppose 18 = 5*l + 3*k, -l + 4*k = -0*l + 1. Let n(u) = u**3 - u**2 + 2. Let g be n(l). Suppose 4*j + 4 = g. What is the units digit of j?
4
Let x = 702 - 141. What is the tens digit of x?
6
Suppose 0 = -5*b + s - 984 + 3985, -b + s = -601. What is the units digit of b?
0
Let h(s) = -s**2 + 12*s + 19. Let y be h(13). Suppose 3*p - y*p = -189. What is the tens digit of p?
6
Suppose 2*p = -k - 6, -4*k + p + 6 = -p. Suppose -j + o = -35, k = 5*o + 6 + 4. What is the units digit of j?
3
Suppose 4*b - 380 = -4*a, -b - 4*a + 10 = -97. Let l = -144 + b. Let n = -27 - l. What is the tens digit of n?
2
Let j(d) = -d**3 - 37*d**2 - 50*d - 52. What is the tens digit of j(-36)?
5
Suppose n - 1 = -2, -4*g + 7 = 5*n. What is the hundreds digit of 170 + 2/(-1 + g)?
1
Let l(t) = -31*t - 16. Let x(d) = 94*d + 49. Let w(s) = -17*l(s) - 6*x(s). What is the units digit of w(-3)?
9
Suppose -5*f + 75 = 235. What is the units digit of f/(-36)*-12*-6?
4
Let u(d) = -d + 11. Let i be u(8). Suppose 11 = 4*s + 3*b, -3 = -i*s - 5*b + 8. What is the units digit of -2*s*37/(-4)?
7
What is the units digit of 1686 - (-12 + -2)/(-2)?
9
Suppose -6*o + 2659 = 343. What is the units digit of o?
6
Suppose -4*b + 772 = t, -3*t + 28*b + 2261 = 29*b. What is the tens digit of t?
5
Let i(c) = 4*c. Let j be i(1). Let l(v) = 3*v**3 - 5*v**2 - 2*v. Let z be l(j). What is the tens digit of ((-10)/20)/((-2)/z)?
2
Let h = -1489 - -6183. What is the thousands digit of h?
4
Let l(g) = -3*g**2 + g**2 - 6*g + 6 + 4*g**2 + 0*g**2. Let a be l(3). Suppose s - a*s + 270 = 0. What is the tens digit of s?
5
Suppose -5*p - 2*m = -251 - 19, 173 = 3*p - m. Let j be -9*1/3*-1. Suppose h = j*h - p. What is the units digit of h?
8
Let s(u) = -16*u - 16. Let g(v) = -5*v - 5. Let t(w) = -8*g(w) + 3*s(w). Suppose -3*l - 15 = 4*z, 0 = l + 1 - 4. What is the tens digit of t(z)?
4
Let i be (7 + -8)*(-60 + -2). Let b = -57 + i. What is the units digit of b?
5
Let b(l) = l**3 + 12*l**2 + 12*l - 13. Let m = 17 + -27. What is the units digit of b(m)?
7
What is the hundreds digit of (-6)/(-5)*940/8?
1
Let d be (24/(-18))/((-2)/30). Suppose d = -4*a + 2*a. Let p(q) = -6*q - 25. What is the tens digit of p(a)?
3
Let k(r) = r**3 + 8*r**2 - r - 5. Let x = -69 + 97. Suppose 0*h - 4*h - x = 0. What is the units digit of k(h)?
1
Suppose 7*i + 4 = 11*i. Suppose 0 = c - 8 - i. Let u(k) = k**3 - 8*k**2 - 7*k + 6. What is the tens digit of u(c)?
2
Let t = 25 - 26. Let p = 91 + t. What is the units digit of p?
0
Let x = -45 - -21. Let m = 20 + x. What is the tens digit of 20 + (m - -7) + -3?
2
Suppose 3*h - 220 = -4*r, 4*h - 202 = -3*r - 37. Suppose 0 = 5*n + 3*p - r, -6*n - 2*p = -n - 55. What is the units digit of n?
1
Suppose -2*u + u - 2 = 0. What is the units digit of u*1*(-209)/22?
9
Suppose 5*h - 135 = -0*h. What is the units digit of (h/(-4) + 5)/((-1)/76)?
3
Let s = -1071 - -2115. What is the units digit of s?
4
Suppose 0 = 2*h + m + 172, -m + 265 = -3*h - 6*m. Let b be (-1)/4 - h/20. Suppose 33 = x + b. What is the units digit of x?
9
Let y = -14 + 12. Let v = 38 - y. What is the tens digit of v?
4
Let q(b) = -3*b + 17. Let r be q(9). What is the units digit of r/(-4*(-2)/(-28))?
5
Let c(n) be the second derivative of 17*n**5/30 + n**2 + 9*n. Let s(p) be the first derivative of c(p). What is the units digit of s(1)?
4
Let z(a) = 40*a + 4. Suppose 5*i - 3*s - 22 = 0, 14 = i - s - 2*s. What is the tens digit of z(i)?
8
Suppose -3*s + 4*c = -1602, -6*s + 8*s - 1051 = -3*c. What is the units digit of s?
0
Let p be (-6)/30 + (-26)/(-5). What is the hundreds digit of (101/p)/(3/15)?
1
Suppose 15*l - 529 = 7616. What is the tens digit of l?
4
Let p(h) = 205*h**2 - 2*h. What is the hundreds digit of p(-1)?
2
Suppose 2 = 2*j - 4. Suppose -12 = -4*w, -w + 0*w = j*o - 66. What is the tens digit of o?
2
Let t be (11 - 10)/((-2)/(-6)). Suppose -4*c - 5*p = -5 - t, p = -4. What is the units digit of c?
7
Let n be (0/(-4))/(1 - 0). Suppose 3*d - 18 = -n*d. What is the tens digit of ((-99)/(-12))/(d/16)?
2
Let h(a) = -a**3 + 7*a**2 + 2*a - 11. Let x(v) = -2*v - 19. Let o be x(-12). What is the tens digit of h(o)?
4
Let a(y) = -13*y + y**2 - 13 + 0*y**2 - 2*y. What is the tens digit of a(21)?
1
What is the tens digit of 3/(42/49)*18640/28?
3
Let z(n) = -10*n**2 - 23*n + 1. Let g(q) = -9*q**2 - 24*q + 2. Let o(v) = 2*g(v) - 3*z(v). What is the hundreds digit of o(-5)?
1
Suppose -2*s - 11550 = -7*s - m, 5*m = 5*s - 11580. What is the hundreds digit of s?
3
Let t(z) = 45*z + 2. Let v be t(-1). Let a = v - -26. Let k = 25 + a. What is the units digit of k?
8
Let r be 26/(-6)*1/(2/(-36)). Let f = r + 88. What is the units digit of f?
6
Let b(a) = 0*a + 2*a + 0*a - 3 + a**2 + a. Let f be b(-5). Suppose -96 + 320 = f*x. What is the tens digit of x?
3
Let s = -2 + 4. Let r(w) = -4*w - 52. Let c be r(-16). What is the units digit of 453/c - s/(-8)?
8
What is the units digit of (-15)/(-3)*(818 - -9)?
5
Let w = -80 - -141. Suppose 215 = 4*u - w. What is the units digit of u?
9
Suppose -2*z = -0*z - 22. Let y be ((-36)/(-6))/(-6)*(-31 - 0). Let c = y - z. What is the units digit of c?
0
Suppose 3*n - 12 = -n. Suppose n*m = 5*m - 4. Suppose 5 = v - d + 2, -2*v + 14 = m*d. What is the units digit of v?
5
Suppose b - f = 5*b + 3, f + 3 = 2*b. Let q be b - -4 - (0 + -28). Let u = -24 + q. What is the units digit of u?
8
Let f = -386 + 3571. What is the hundreds digit of f?
1
Let x = -187 + 3158. What is the units digit of x?
1
Let c(m) = 360*m - 53. What is the tens digit of c(3)?
2
Suppose 15783 = 39*k - 126489. What is the thousands digit of k?
3
Let v be (-2 + 0 - -2)/(-1). Suppose -r + 5 = -v*r. Let a = 18 - r. What is the units digit of a?
3
Let z(t) = 15*t + 9. Let k be ((-7)/21)/(32/33 + -1). What is the hundreds digit of z(k)?
1
Suppose 6*h - 302 - 16 = 0. Let t = -4 + h. What is the tens digit of t?
4
Let k(b) = 28*b + 309. What is the tens digit of k(31)?
7
Let a = 1510 - -964. What is the tens digit of a?
7
Suppose 0 = -5*j - 4*j - 756. Let v = 233 + -354. Let n = j - v. What is the units digit of n?
7
Let s = 479 - 501. Suppose t = 4*p - 127, -p - 2*t = -5*p + 130. Let b = s + p. What is the units digit of b?
9
Let q(g) be the first derivative of 15*g**2/2 + 6*g + 4. What is the units digit of q(3)?
1
Suppose 5*d + 95 = -40. What is the tens digit of ((-117)/d)/((-2)/(-18))?
3
Suppose -18*b + 1672 = -1658. What is the units digit of b?
5
Let g(x) = x**3 + 2*x + 6*x**2 + 3*x - 2 + 1 - 6. Let v be g(-5). What is the tens digit of 41/1*(-7)/v?
4
Let s(u) = -7*u**3 - 35*u**2 + 34*u - 25. Let d(m) = -4*m**3 - 18*m**2 + 17*m - 12. Let o(b) = 5*d(b) - 3*s(b). What is the units digit of o(-16)?
1
Suppose -k - 4*k = -10. Let d(i) = -4*i**2 + 0*i - 2*i + 6*i**2 + 6 - i**3 + 3*i**k. What is the units digit of d(4)?
4
Suppose 3*n = -5*i + 144, -3*n - 7 = -1. Let q = i + 37. What is the tens digit of q?
6
Suppose 252 = 2*o - 246. What is the units digit of (-1)/(0/(-4) + (-1)/o)?
9
Let k = 242 + 2099. What is the units digit of k?
1
Suppose 132 = -3*h + 2790. Suppose 3*m = -m + 3*s + h, 0 = 2*m + 4*s - 454. What is the tens digit of m?
2
Suppose 3*n + 1731 = 3*w, -2885 = -5*w + 4*n - 8*n. What is the tens digit of w?
7
Suppose -29*x + 30*x = 35. What is the units digit of x?
5
Let d(i) = -45*i**2 + 2*i - 1. Let c be d(1). Let w = c - -31. Let t = 40 + w. What is the te